 = -11 - -9. Let j be 0/c*1/2. Suppose 3*f - 6*p = -p + 27, -f + 2*p + 10 = j. What is the units digit of f?
4
Suppose -7*x + m + 7181 = -4*x, 5*m = -x + 2415. What is the units digit of x?
5
Suppose 8*b + 16 = 8. What is the units digit of (2 - b) + (-710)/(-5)?
5
Let d(h) = -5 + 2*h**2 - 2*h**2 + h**2 + 15*h + 7. Let w be d(-15). Suppose -19 = -w*m + 3. What is the units digit of m?
1
Let s be (-11 - 1)*64/(-12). Suppose 3*h = 3*u - u + s, 0 = -3*u - 15. Let v = -5 + h. What is the units digit of v?
3
Suppose 9*n + 2 = 8*n. Let h(g) = -g**3 - 2*g**2 - 2*g - 2. Let r be h(n). Let z = r - -15. What is the units digit of z?
7
Suppose 3*t = -4*f + 11824, -4*f + 12116 - 264 = -4*t. What is the hundreds digit of f?
9
Suppose 4*u + 14 = 2*v, u - 22 = -4*v + 3*u. Suppose -4*o = 2*w - 94, -4*w + 235 = v*o + 47. What is the units digit of w?
7
Suppose -12 = 4*l, -3268 = -5*v + l + 14945. What is the tens digit of v?
4
Suppose 18*b - 17*b - 31 = 0. What is the tens digit of 14/63 - b*4/(-9)?
1
Suppose 290 = 8*b + 2074. What is the hundreds digit of 2/(14/35*(-5)/b)?
2
Suppose -62*o = -28247 - 59545. What is the tens digit of o?
1
Let m = 34 + -33. What is the hundreds digit of ((-4)/12*20)/(m/(-30))?
2
Let u(y) = y**2 - 10*y + 6. What is the tens digit of u(-6)?
0
Let l(r) = -3 + 5*r + 6 + 0 + 9*r**2 - 2. What is the units digit of l(-4)?
5
Let c(i) = 16*i**2 - 14*i - 40. What is the tens digit of c(5)?
9
Let k = 19 - 24. What is the tens digit of 2/k - (-3070)/50?
6
Let d = -125 - -130. Suppose 3*c - d*t + 73 = 291, 5*c - 3*t - 390 = 0. What is the units digit of c?
1
What is the hundreds digit of 13268/18 + -7 + 3/(-27)?
7
Let t be 1176/(-2)*2/(-3). Let j be 0 - (-1 + (t - -1)). What is the units digit of j/(-32) + (-1)/4?
2
Let g(q) be the second derivative of -79*q**3/6 - q**2/2 + 22*q. What is the hundreds digit of g(-2)?
1
Let r = 414 + -241. What is the tens digit of r?
7
Suppose 2*q - p - 2*p = 13, 2 = 2*p. What is the hundreds digit of q/(360/(-185) + 2)?
1
Let i(p) = 22*p + 3 - 27*p + 16*p + 10. What is the hundreds digit of i(19)?
2
Suppose 4*p = 2*w + 692, -260 = -3*p + 5*w + 273. What is the units digit of p?
1
Suppose -4*w = -4*i + 8272, -4*i - 2*w = -0*i - 8278. What is the units digit of i?
9
Suppose 3*i = -3*i + 12. Suppose -i*h + 164 = -164. What is the hundreds digit of h?
1
Suppose 0 = -0*v + 3*v - 357. Let p = v + -39. What is the units digit of p?
0
Let j be 4/(-20) + 11/5. Suppose -86 = -j*z + 36. Suppose 11*m - 12*m = -z. What is the tens digit of m?
6
Let g = -79 - -80. What is the hundreds digit of 4/16 + ((-2412)/(-16))/g?
1
Let l = 2 + -2. What is the tens digit of (l - -43)*7*(-4)/(-14)?
8
Suppose 2*f = -4*i + 42 - 8, -50 = -5*i - f. Suppose 4*p - i - 4 = g, -3*g = 9. What is the units digit of p?
3
Let k(j) = 50*j + 267. What is the hundreds digit of k(22)?
3
Suppose -6*d + 5224 = -2978. What is the units digit of d?
7
Let z(s) = -s**3 - 6*s**2 - 2*s - 9. Let t be z(-6). Let r = 0 + t. Suppose -r*b = -33 - 45. What is the tens digit of b?
2
Let c be (-1)/(-5)*5*-1. Let s(z) = 178*z**2 + 6*z + 5. What is the hundreds digit of s(c)?
1
What is the units digit of -2*(2 - 3/2) + 1070?
9
Suppose -21*y - 814 + 4153 = 0. What is the units digit of y?
9
Let d(i) = 2*i**2 - 4. Let z be d(-2). Suppose -5*f + z*a = -778, 0*f + 3*f + a = 477. Suppose 3*s + n - 109 = 2*n, 4*s - f = -5*n. What is the tens digit of s?
3
Suppose 5*n + 2*p = n + 14, 15 = 5*n + 5*p. Suppose g + k = -2*k + 127, 0 = -n*k - 8. What is the tens digit of g?
3
Suppose 0 = -8*m - 8181 + 24197. What is the units digit of m?
2
Suppose -41*x = -13*x - 84308. What is the units digit of x?
1
Let g(i) = -i**3 + 11*i**2 - 26*i - 127. What is the hundreds digit of g(-9)?
7
Let u be (1 - (2 + -2))*2. Suppose 0 = 3*v + 4*c - 303, u*v = -4*c + 93 + 113. What is the tens digit of v?
9
Let l be (0 - 3)/(3/(-4)). Suppose 4*y - 296 = -l*y. What is the tens digit of y?
3
Let m = -2354 + 5255. What is the thousands digit of m?
2
Let z(k) = k**3 + 37*k**2 - 4*k - 34. What is the hundreds digit of z(-37)?
1
Suppose -2*s = -3*s + 330. Let o(u) = 29*u**3 + 2*u**2 - 2*u + 1. Let m be o(1). Suppose -5*t + s + m = 0. What is the units digit of t?
2
Let m(z) = z**3 - 15*z**2 + z - 1. Suppose -2*g + 40 - 10 = 0. Suppose 3 = t - 4*i, -2*t + i + g = -12. What is the units digit of m(t)?
4
Suppose -3*c + 4*c - 8 = 0. What is the hundreds digit of -8*(-2)/c*157/2?
1
Let q(s) = -s**3 - 18*s**2 + s + 26. Let n be q(-18). What is the tens digit of (n/4*24)/1?
4
Suppose 9*v - 18*v = 0. Suppose v = -12*t + 8*t + 192. What is the tens digit of t?
4
Let p(a) = a**2 - 16*a + 12. Suppose 4*b - 82 = -4*w - 10, b = 1. What is the units digit of p(w)?
9
Let p = -306 + 183. Let m = -166 + 89. Let l = m - p. What is the tens digit of l?
4
Suppose -5*i + v + 6 = -6, 0 = -3*i + 2*v + 3. Suppose -137 - 40 = -i*z. What is the tens digit of z?
5
Let x(a) = -a**3 + 7*a**2 - 6*a + 4. Let z be x(7). Let l = z + 79. What is the tens digit of l?
4
Suppose 5*m = -27*m + 6784. What is the hundreds digit of m?
2
Let k be 6/10 - (-17)/5. Suppose 2*w + 2*t + 164 = 0, 3*w = w - 5*t - 179. What is the tens digit of (-2)/8 - w/k?
1
Let w = -63 - -193. What is the hundreds digit of w?
1
Suppose 3*i = -2*a + 54, i - 3*a - 18 = -0*a. Let h = i + 0. What is the units digit of h?
8
Suppose -1 = 3*b - 7. Let m(t) = 21*t - 5. What is the units digit of m(b)?
7
Let j be (-80)/(-12)*(-27)/18. Let z(b) = -6*b**2 + b - 1. Let c be z(1). What is the tens digit of 645/j*c/9?
4
Let u = 1081 - 298. What is the tens digit of u?
8
Let z = 1737 - 312. What is the hundreds digit of z?
4
Let k(w) = -w**3 + 8*w**2 - 3*w + 5. Suppose 0 = -3*s + 5*s - 8. What is the tens digit of k(s)?
5
Let c = 208 - 360. Let s = -73 - c. Suppose 3*i - 56 = s. What is the tens digit of i?
4
Suppose 0 = v + 2. Let m be (-18)/(-1) - (1 + v). Suppose -q = -m - 13. What is the units digit of q?
2
Let m be (-3)/(-12) - (-69)/12. Let i(x) = x**3 - 6*x**2 + 2*x - 8. Let t be i(m). Suppose t*j - 37 = 3*j. What is the units digit of j?
7
Let j be ((-40)/12)/(4/6). Let v be (3 - j)/(4 - 2). What is the tens digit of 20 - v - (1 - 0)?
1
Suppose -2*w = -0*w - 5688. Suppose w = 2*y + 10*y. What is the tens digit of y?
3
Let n(p) = p**2 + 5*p + 5. Let x be n(-5). What is the tens digit of 26*15/x - 2?
7
Let r = -6 - -12. Suppose 5*d - 29 = r. What is the units digit of d?
7
Let a(y) = -9*y + 25*y - 5 - 17 + 49. What is the tens digit of a(2)?
5
Suppose -997*s + 1013*s - 5264 = 0. What is the tens digit of s?
2
Suppose 4*o - 391 = -127. Suppose -3*v = p + v - o, 0 = -4*p + v + 213. What is the tens digit of p?
5
Suppose 2*w + 15 = -3*c + 5*w, 0 = c - 5*w + 17. What is the units digit of c + 3 + 17 + -3?
5
Let r be (20 - 294) + 1 + -1. What is the hundreds digit of (r/2)/((-5 + 2)/3)?
1
Suppose -2398 = -16*k + 1586. What is the units digit of k?
9
Suppose 0 = -4*c + 2*c + 40. Suppose 74 = -18*m + c*m. What is the units digit of m?
7
Let g be (3/1)/(3/(-10)). Let i = 22 + g. Let o = i - -8. What is the units digit of o?
0
Suppose -2*w + 3*w = 554. Suppose 3*t + w = 4*c, -2*t = 3*t - 10. What is the units digit of c?
0
Suppose -34 + 314 = 2*u. Let v = u - 71. What is the tens digit of v?
6
Let d be 2 + ((-8)/14 - (-432)/21). Let v = d - -64. What is the units digit of v?
6
Let u(m) = -m**3 - 7*m**2 - 12*m + 4. What is the units digit of u(-10)?
4
Let o = 84 + -41. Let d = -179 - -184. Suppose d = 3*c - o. What is the units digit of c?
6
Let x(f) = f**3 - 5*f**2 + 8*f - 2. Let m be x(3). Suppose -13 = -m*p + 11. Suppose i = -p + 28. What is the tens digit of i?
2
Let q = 216 + 513. What is the hundreds digit of q?
7
Suppose -d = 3*d - 5*q - 887, -3*d = -4*q - 664. Suppose 3*p = -3*p + d. What is the tens digit of p?
3
Let q(u) = u**2 + 7*u - 15. Let o be q(-9). Suppose -o*n + 9 = -78. What is the units digit of n?
9
Let t = 353 + -173. Suppose t = 3*o + o. Let z = o - 9. What is the tens digit of z?
3
Let z be (-1 - 15)*4/8*1. What is the units digit of 3/2 - (532/z - 1)?
9
Let l(k) = 2*k - 5. Let h be l(13). Let m be (-14)/h + (-3100)/(-6). What is the units digit of m/16 + (-9)/(-12)?
3
What is the tens digit of -5*1 - (13 - 598) - 5?
7
Suppose -234 = 5*m + 171. Let z = -185 